t h(d) = d**3 + 7*d**2 + 4*d + 5. Let l be h(-6). Let s = l - t. What are the prime factors of s?
3
Let b(f) = 2*f**2 + 2*f - 2. Let t be b(4). Suppose t = -2*d + 4*d. List the prime factors of d.
19
Let o(d) be the first derivative of d**4/4 + 5*d**3/3 - d**2/2 + 5*d + 1. Let z(i) = -i**2 + 7*i + 13. Let l be z(9). What are the prime factors of o(l)?
2, 5
Let g be 4 - (-2 - 2)/(-4). Suppose g*m + 3*w - 77 = -m, -3*w = -2*m + 61. What are the prime factors of m?
23
Let m be (-33)/15 - 1/(-5). List the prime factors of (-5)/10 + (-25)/m.
2, 3
Suppose -3*p - 3*r + 105 = 0, 4*r - 99 = -3*p + 8. What are the prime factors of p?
3, 11
Let a be -2 - (-3)/3*2. Let c = 0 - a. Suppose 5*x - x - 44 = c. List the prime factors of x.
11
Let j = -2 + -13. List the prime factors of -6*(0 - j/(-6)).
3, 5
Suppose 5 - 14 = -3*x. Suppose -4*h + l = -14, -x*h - 3*l = -l - 16. Suppose a + 3*m = 22, a - 90 = -h*a + 5*m. List the prime factors of a.
19
Let w(o) be the second derivative of 2*o**3/3 - 5*o**2/2 - 2*o. Let y be w(4). Let s = y - 6. What are the prime factors of s?
5
Let g(n) be the third derivative of -n**5/60 + 3*n**4/8 + n**3/2 - 2*n**2. Let z(w) = -w**2 + w + 9. Let i be z(0). List the prime factors of g(i).
3
Let t(s) = 5*s - 7. Let v(h) = 4*h - 6. Let k(d) = 5*t(d) - 6*v(d). Let x be k(-2). What are the prime factors of x/2*-14 + 2?
3
Let z(w) = 14*w - 18. Let d(s) = s. Let k(g) = -12*d(g) + z(g). Suppose -3*j = 2*j - 60. What are the prime factors of k(j)?
2, 3
Let b(x) = -2*x**3 - 10*x**2 - 3*x - 8. List the prime factors of b(-6).
2, 41
Suppose -5*f = 64 + 166. Let o = f - -81. List the prime factors of o.
5, 7
Let x = 15 + -12. Suppose 6*t - 3 = 3*t. Suppose 4*m - 3 = x*f - t, 3*f - 28 = -2*m. What are the prime factors of f?
2, 3
Suppose -2*a - 29 = -g + 2*a, -2*g + 2*a = -88. What are the prime factors of g?
7
Suppose 8*g = 15*g - 497. List the prime factors of g.
71
Suppose -8 = -3*j + 5*f, -j + 5*f = 3*j - 9. Let a(w) = 12*w - 1. List the prime factors of a(j).
11
What are the prime factors of (0 + -1)/(8/(-2104))?
263
Suppose 2*b + 2*t - 2 = 0, -b + 6 = -t - 3*t. Suppose 0 = v - 3*k, 0*k = -b*v - 2*k. Suppose v = -5*i + 45 + 5. List the prime factors of i.
2, 5
Let y be 4 + 3 + -2 + -1. Suppose -4*k = -y*q - 3*k + 44, 16 = 2*q - 2*k. What are the prime factors of q?
2, 3
Let p(f) = 3*f**3 - 5*f**2 + 7*f - 4. What are the prime factors of p(2)?
2, 7
Let n be (-7)/(-3) - 4/(-6). Let t(o) = -2*o**3 - 2*o**2 + 4*o. Let d(l) = -l**3 - 2*l**2 + 3*l. Let p(b) = 3*d(b) - 2*t(b). List the prime factors of p(n).
2, 3
Let v = 56 + -13. Suppose 56 = 4*q + 5*h - v, h = q - 27. List the prime factors of q.
2, 13
Let u(i) = -i**2 - 3*i - 2. Let j = -4 + -2. Let c be u(j). What are the prime factors of (-6)/((-5)/(c/(-6)))?
2
Let g be ((-9)/3)/3 - -14. Suppose 0 = -8*b + g*b - 60. List the prime factors of b.
2, 3
Let l(j) = -j**3 - 16*j**2 + 7*j + 8. What are the prime factors of l(-17)?
2, 89
Let n(r) = 5*r + 14. What are the prime factors of n(7)?
7
Let f be (-4)/(-4) - 2 - -2. Suppose -5*c - 3*n = -29 + 4, -5*c - 10 = -4*n. Let u = c + f. List the prime factors of u.
3
Let o(u) = 14*u**2 + 3*u + 1. Let l be o(-2). Let k = l - 29. What are the prime factors of k?
2, 11
Let f be (-28)/(-12) + (-2)/6. Suppose 5*o - 42 = f*o. List the prime factors of o.
2, 7
Let v(m) = -m**3 - m**2 + m. Let u(o) = 5*o**2 - 3*o - 4. Let h(x) = -u(x) - v(x). Let s be h(3). Let i = s - -11. List the prime factors of i.
2, 3
Let y = 59 + -9. What are the prime factors of y?
2, 5
Let s(a) = -69*a - 14. What are the prime factors of s(-2)?
2, 31
Suppose t + 4*b = 19, 4*t = 5*b - 4 - 4. What are the prime factors of t?
3
Suppose 3*r - 3*m - 12 = 2*m, -5*m = -r + 4. Let g(d) = -3 + 3*d + 1 - 1. List the prime factors of g(r).
3
Suppose -4*t - 140 = -9*t. What are the prime factors of t?
2, 7
Let m(l) = -2*l + 4*l**2 - 3*l - l**3 + 3*l**2 + 6. What are the prime factors of m(6)?
2, 3
Let r be (3/(-6))/(1/(-8)). Suppose 6*o = 4*o + r. Let h = 1 + o. List the prime factors of h.
3
Let j be (6*16)/3 + 2. Let w = -3 + j. List the prime factors of w.
31
Let h be 6/(-15)*(-4 + -136). Suppose 5*m - 3*m = -5*q + 2, -4*m = -3*q - h. List the prime factors of m.
11
Suppose 6*g = g + 2*z + 6, 4*g + 6 = -2*z. What are the prime factors of g - (33*-1 - 3)?
2, 3
Suppose -60 = 3*h - 192. Suppose h = 2*k - 0*k. What are the prime factors of k?
2, 11
Suppose -3*j + 25 = -2. Let y be (-3)/12 + (-1)/(-4). Suppose -d - 5*o - 5 - j = y, -39 = -4*d - o. List the prime factors of d.
11
Let b(r) = r**3 - 7*r**2 + r - 5. Let v be b(7). Let f be (-30)/(-7) + (-22)/77. Let o = f - v. What are the prime factors of o?
2
Let t(i) = -4*i**2 + 14*i - 12. Let v(a) be the second derivative of a**4/6 - 7*a**3/6 + 3*a**2 + a. Let d(j) = 3*t(j) + 7*v(j). List the prime factors of d(4).
2, 5
Suppose -2*u + 204 = -3*m, -3*u = -0*u + 4*m - 289. List the prime factors of u.
3, 11
Suppose 0*y + 6 = 2*y. Suppose 4*s - 55 = -y. What are the prime factors of s?
13
Suppose t + 2*y - 72 = 7*y, 3*y = 5*t - 272. What are the prime factors of t?
2, 13
Let p = 636 - 308. List the prime factors of p.
2, 41
What are the prime factors of 2/3 + 894/9?
2, 5
Let y be (-3)/2 - 14/4. Let g(c) = -c**3 - 4*c**2 + 7. List the prime factors of g(y).
2
Suppose 2*i = 15 - 1. Suppose 4*d - 106 = -14. Suppose -3*z + i + d = 0. List the prime factors of z.
2, 5
Let h = 5 - 2. Suppose -5*i = y - 11 + 2, 3*y + h*i = 39. List the prime factors of (-1)/((-15)/y + 1).
2, 7
Let k(v) = -v**2 - 4*v - 7. Let t(o) = -3*o**2 - 12*o - 20. Let b(a) = 11*k(a) - 4*t(a). List the prime factors of b(-6).
3, 5
Let y(c) = -c**3 + c**2 - c + 5. Let g be y(0). Suppose 32 + 13 = g*k + 5*u, -3*k + 17 = 5*u. List the prime factors of k.
2, 7
Let d = 123 + -50. List the prime factors of d.
73
Let v(y) = -y + 9. Let m be v(0). Let l = m + -1. List the prime factors of l.
2
Suppose -3*p + x = 5*x + 5, -3*p = 5*x + 10. What are the prime factors of p?
5
Let b(g) = 3*g**2. Let h(l) = 5*l**2 - 10*l + 6. Let c(p) = p**2 - p + 1. Let z(k) = -4*c(k) + h(k). Let f be z(6). What are the prime factors of b(f)?
2, 3
Let b(f) = f**3 + 4*f**2 + 4*f + 5. Let d be b(-3). Suppose 3*z - 6 = -d*a + a, -38 = -3*a - 5*z. What are the prime factors of a?
3, 7
Suppose 0 = -3*n - 4*x + 14 - 54, 4*x + 24 = -n. Let p = -6 - n. Suppose -2*k = -3*w - 21, -p*w + 0*w - 22 = -4*k. What are the prime factors of k?
3
Let k(p) be the second derivative of p**3/2 - 2*p. Let f be k(1). Suppose x - 2*b + 1 = 0, -f*x + 27 + 3 = 5*b. List the prime factors of x.
5
Suppose 0 = -3*b + 7*b - 44. Suppose 3*h - l = -b, 3*h = -0*l + 2*l - 7. Let z = h - -7. List the prime factors of z.
2
Suppose 56 + 4 = 2*c. Let g = -30 - -44. Suppose 5*d - 28 = -3*r + g, -2*r = 4*d - c. List the prime factors of r.
3
Let a(n) be the third derivative of -n**6/120 + n**5/60 - n**4/24 + 4*n**3 + 7*n**2. What are the prime factors of a(0)?
2, 3
Suppose 530 = 28*l - 23*l. List the prime factors of l.
2, 53
Suppose 5*p - 470 = -4*d + 124, 3*p - 5*d = 349. What are the prime factors of p?
2, 59
What are the prime factors of (-2 - 578)*28/(-70)?
2, 29
Suppose -4*o - 21 = 11. Let m(s) = s**3 + 8*s**2 - 2*s - 6. Let x be m(o). What are the prime factors of 54/x - 6/(-10)?
2, 3
Suppose -2*a + 2 = 8, -4*v + 99 = -5*a. List the prime factors of v.
3, 7
Let o(q) = -q**2 + 1. Let a be o(1). Suppose 5*y + 4*w - 138 = a, -2*w + 3 = -1. What are the prime factors of y?
2, 13
Let s(c) = 9*c - 3*c + 2*c**2 + 2*c - 3*c**2 + 3. List the prime factors of s(5).
2, 3
Suppose 0 = -7*y + 2*y - 165. Let b = y + 81. List the prime factors of b.
2, 3
Suppose s + 5*h - 110 = 205, -297 = -s + h. What are the prime factors of s?
2, 3, 5
Let w be (0 - (-4)/4)*13. Let a = w - 7. What are the prime factors of a?
2, 3
Let m = 164 - -11. List the prime factors of m.
5, 7
Let p(g) = -2*g**3 + g**2 + g + 2. List the prime factors of p(-3).
2, 31
List the prime factors of ((-121 + -3)/(-2))/2.
31
What are the prime factors of ((-76)/12)/(2/(-36))?
2, 3, 19
Suppose 5*r + 4*k - 182 = 0, k - 4*k + 111 = 3*r. List the prime factors of r.
2, 17
Let j be (-12)/18*(-18)/4. Suppose 40 = -5*k - j*v, -2*v - 39 = 4*k - v. Let d = k + 21. What are the prime factors of d?
2, 5
